hat is h(u)?
4
Suppose -22 + 110 = 44*p. Let i(r) = 6*r - 5*r**2 + 4*r**2 - r**2 - r**3 + 7 + r**p. Determine i(-3).
7
Suppose -4*w = 4*y - 64, -3*w = 4*y + 484 - 551. Let a(j) = j**3 - 28*j**2 + 170*j + 19. Give a(y).
0
Let j(c) = -c**3 + 10*c**2 + 11*c + 22. Let o be 52/5 - (3 + -2 + (-16)/10). Determine j(o).
22
Suppose 6*m - 13*m = 24*m - 93. Let z(a) be the third derivative of 14*a**2 + 0*a + 1/4*a**4 + 0 - 1/60*a**5 + 1/3*a**m. Calculate z(5).
7
Let s(q) be the third derivative of -q**4/24 + q**3/3 + 10*q**2. Suppose -6*t + 18 = -3*t. Let g be t/(-4) + (-18)/(-12). Determine s(g).
2
Let m(l) = -50*l**2 + 243*l - 274. Let k be m(3). Let r(b) be the third derivative of -b**4/24 + 5*b**3/3 + b**2. Calculate r(k).
5
Let w(t) = -7*t - 7. Let b(d) = 8*d + 60. Let i be b(-7). Suppose -i*g = -644 + 648. Determine w(g).
0
Let v(l) = l - 7. Let d be 29 - (-13)/((-13)/9). Suppose -3*n + d = 5*u, u - 5*n - 39 = -u. Calculate v(u).
0
Let k(w) = 3*w + 11. Let z(c) = -4*c + 4*c - 3*c + 1 + 4*c. Let r = 204 - 205. Let g(o) = r*k(o) + 4*z(o). What is g(-5)?
-12
Let x(d) = d**3 - 2*d**2 - d + 2. Let y be 3/(-2) + 1870/68. Suppose -55 = y*t - 3. Give x(t).
-12
Let s(n) be the third derivative of -1/2*n**3 - 162*n**2 - 1/60*n**5 - 5/24*n**4 + 0*n + 0. Give s(-3).
3
Let q(x) = -19 + 10*x - 20 - x**2 + 3*x - 4*x. Give q(9).
-39
Let a be ((-8)/(-12))/(4/36). Let k be -1 + (-38)/(-10) - a/(-30). Suppose -h = -k + 8. Let j(i) = i**2 + 5*i + 5. Determine j(h).
5
Let x(o) be the third derivative of -o**6/120 - o**5/30 + o**4/12 - o**3/2 - 3*o**2 - 14*o - 83. Let r = 4 - 1. Suppose -k = -r*k + 4. Determine x(k).
-15
Let l(g) = g**3 - 2*g + 1. Let v be (-2)/5 + (-332)/(-5). Suppose 262 = 4*w + 2*r, 0 = -3*w - 5*r - 99 + 306. Let h = w - v. What is l(h)?
-3
Let r be 2/6 + 40/6. Let z(s) = 42*s + 13. Let v(p) = -157*p - 51. Let b(t) = 4*v(t) + 15*z(t). What is b(r)?
5
Let o(g) be the third derivative of -g**7/2520 - g**6/120 + 79*g**4/8 + 6*g**2. Let c(m) be the second derivative of o(m). What is c(-5)?
5
Let u(b) = -80*b**2 + 8*b - 57. Let i(a) = -53*a**2 + 10*a - 56. Let r(n) = 3*i(n) - 2*u(n). Calculate r(3).
-3
Let t = 4334 + -4351. Let a(d) = 8*d + 141. Calculate a(t).
5
Let i(g) = 33*g + 211. Let x be i(-7). Let j(w) = -w**3 - 19*w**2 + 15*w + 23. Give j(x).
123
Let v(u) be the third derivative of u**6/60 + u**5/3 + u**4/8 + 14*u**3/3 - 3*u**2 + 155*u. Determine v(-10).
-2
Let u(r) = -25*r + 19*r - 4056 + 35*r + 4055. What is u(-2)?
-59
Let l(c) be the first derivative of -c - 90 + 7/2*c**2 - 1/3*c**3. Give l(7).
-1
Let p(x) = 7*x**3 - 5*x**2 - 4*x - 3. Let r(g) = 5*g**3 - 5*g**2 - 3*g - 4. Let i = 65 - 62. Let q(j) = i*r(j) - 2*p(j). What is q(5)?
-11
Let z(l) = l**3 - 22*l**2 - 24*l + 36. Let p be z(23). Let m(s) = -s - p*s + 15*s - 1. Let g be (-2)/3 - 112/21. Calculate m(g).
-7
Let k(o) be the first derivative of 17*o + 215 - 1/2*o**2. Determine k(12).
5
Let a(n) be the third derivative of -n**6/120 + n**5/30 + n**4/8 - n**3/3 + n**2. Let z = 94 + -91. Suppose -2*p + 2*s - 1 = -z*p, p = -3*s. Calculate a(p).
-2
Let d(y) = 628*y - 3 + 21*y**2 + 16*y**2 + 13*y**2 - 622*y - 53*y**2. Calculate d(7).
-108
Let g(m) = -m**2 - 3*m + 2703881 - 2703845 + 13*m. What is g(13)?
-3
Let z(g) = g**2 + 117*g + 2011. Let u be z(-96). Let l(y) = 6*y + 21. Give l(u).
-9
Let l be (((-4)/(-3))/(42/9))/(168/98). Let s(v) be the third derivative of -1/30*v**5 + 0*v**4 + l*v**3 + 4*v**2 + 0 + 0*v. Calculate s(-2).
-7
Let q = 421 + -426. Let i(t) = -8*t + 15. Let x(b) = 5*b - 8. Let h(j) = q*x(j) - 3*i(j). Let m(a) = 7*a. Let z be m(-1). Determine h(z).
2
Let i(q) = -15*q - 42. Let m be i(-5). Suppose -8*j = -19*j + m. Let u(z) = z + 2. Give u(j).
5
Let j(l) = l**2 - 153*l + 5748. Let q be j(87). Let o(v) = -5*v**2 - 2*v**2 + 7*v + v**3 - 6 + 0*v. Give o(q).
0
Suppose 2*x - 1 + 10 = 3*a, 17 = -5*x + 2*a. Let u(z) be the first derivative of z**3/3 + z**2 + z + 7477. Determine u(x).
4
Let z(x) = -5*x + 6. Let s(q) = 22*q + 3 - 26*q + 4. Let h(l) = -6*s(l) + 5*z(l). Let a = -302 + 295. Determine h(a).
-5
Let g(r) = -r + 0*r - r + 2 - 6*r. Let d = -5127 - -5125. Determine g(d).
18
Let q(f) be the third derivative of -f**6/720 - f**5/120 - 29*f**4/8 + f**2 + 5. Let t(h) be the second derivative of q(h). Give t(10).
-11
Let o be ((-119)/14)/(-17) - (-210)/4. Suppose o = 5*a - 4*l, 2*l + 4 - 9 = -a. Let w(m) = -m - 1. Calculate w(a).
-10
Let g(i) = -i**3 - 4*i**2 - i - 32. Let u(b) = -99*b + 985. Let x be u(10). Calculate g(x).
-2
Suppose m + 2 = 3*j, -m + 2 = 5*j - 12. Let f(n) = j*n - 40 - 45 + 99. Give f(-10).
-6
Suppose -3*f + 125 = 4*d, 4*d - 30 = 3*d - f. Let q = 34 - d. Let s(t) = -1. Let b(a) = 7*a - 4. Let m(w) = q*b(w) + 3*s(w). Calculate m(2).
-13
Let m(j) = -j**2 + 2*j - 2. Let t = -261 - -297. Let u be (-22)/(-5) + t/(-90). What is m(u)?
-10
Let d(o) = -30*o + 85. Suppose -150327 = 11*m - 150360. What is d(m)?
-5
Let r(c) = c**2 + 16*c - 14. Let f(n) = -2*n**2 - 32*n + 31. Let w be (-7)/(((-35)/(-5))/7). Let d(a) = w*r(a) - 3*f(a). Calculate d(-16).
5
Let l(q) be the first derivative of 5*q**4/4 - 2*q**3/3 + q**2 + 7*q - 5960. What is l(-2)?
-45
Let o(g) be the second derivative of g**4/12 + g**3/2 - g**2/2 + g. Let p be (-2)/(20/(-65)*4/(-472)). Let d = p + 762. Calculate o(d).
9
Let t(n) = -119 + 3*n + 57 + 59. Let v = 305 - 307. What is t(v)?
-9
Let n(z) = 2*z**3 + z**2 - z - 1. Let u(r) = 17*r**3 + 8*r**2 - 12*r - 11. Let c(i) = -8*n(i) + u(i). Let s = -8 - -6. What is c(s)?
-3
Let v(y) be the second derivative of y**5/20 - 2*y**4/3 - 8*y**3/3 + 7*y**2 + 326*y - 1. What is v(10)?
54
Let g(v) = v**2 + 6*v - 5. Let z(f) = 2*f**3 - 4*f**2 + 5*f + 5. Let d be z(4). Let p = d + -59. Suppose -2*t + p = -4*u, 15 = t + 4*t. Give g(u).
-5
Let z(t) = -11*t - 68. Let g(l) = -l - 13. Let v(n) = 6*g(n) - z(n). Determine v(3).
5
Suppose -8*d - 52 = -68. Let r(a) = 6*a + d*a**3 - 31*a + 2 + 21*a - 2*a**2. Determine r(3).
26
Let v(i) = i - 16. Suppose -881*f = -875*f - 162. Let n be (5 - -1) + (-9)/(f/(-12)). Calculate v(n).
-6
Let l(x) = -2*x**2 + 10*x - 7. Let r = 466 - 461. Suppose 0 = -3*h + r*t - 8, 0 = -2*h - 0*h + 3*t - 4. What is l(h)?
1
Let t be (-20)/(-4)*(5 + 130/(-25)). Let k be t*5/1*96/120. Let g(r) = -3*r + 2*r + r - 2*r. What is g(k)?
8
Let n = -208456 - -208453. Let c(j) be the first derivative of -6*j**2 + 4*j + 1. What is c(n)?
40
Suppose -5*d - 33 = 2. Let j(r) = -11*r + 9. Let v(q) = 2*q**3 + 8*q**2 + 1. Let g be v(-4). Let i(l) = 2*l - 1. Let y(o) = g*j(o) + 5*i(o). Calculate y(d).
11
Let n(x) = -7*x + 27. Let r be (-669 - -673) + -1 + -1 + 2 + 0. What is n(r)?
-1
Let o(u) be the second derivative of u**4/24 - u**3/2 - 105*u**2 + 2*u - 1. Let m(h) be the first derivative of o(h). Calculate m(4).
1
Let j(y) = 53*y**2 + 11*y + 17. Let a(t) = -29*t**2 - 7*t - 10. Let w(d) = -11*a(d) - 6*j(d). Let i = -9 + -2. What is w(i)?
8
Let x(h) be the second derivative of h**3 - 22*h**2 + 1829*h. Calculate x(9).
10
Let p be 115/8 - 11 - (-12)/(-32). Let w(q) = 8*q**2 + 3*q - 9. Calculate w(p).
72
Suppose -4*u - 4*a = -36, 0 = 30*a - 27*a - 12. Let o(q) = -38*q + 180. Give o(u).
-10
Let c(r) = 2*r**3 - 34*r**2 + 2*r - 27. Let x be (-3 + 4 + (-78)/9)*-3 + -6. Calculate c(x).
7
Let d(a) be the third derivative of -a**4/12 + 49*a**3/6 - 4*a**2 - 93*a. Calculate d(18).
13
Let q(b) = -10*b**3 - b**2 - 2*b. Suppose -14*o + 17*o + 12 = 0, -8*o = -3*w + 29. Give q(w).
11
Let o(q) = -q**3 - 5*q**2 + 10*q + 26. Let a be o(-6). Let u(p) = -1491*p - a + 1492*p + 0. What is u(-3)?
-5
Let a = -3536 + 6872. Let z(o) = 1 + 1 + a*o - 3337*o. What is z(-11)?
13
Suppose -4*x - 29 = -n, x - 1 + 6 = -2*n. Let g(q) = 18*q - 14*q + q - 7*q + 4 + 4*q. Determine g(x).
-10
Let l(q) be the first derivative of -q**4/12 - q**3/2 - 2*q**2 + 13*q + 132. Let g(k) be the first derivative of l(k). Give g(4).
-32
Suppose 2*h = 3*j - 22, -h + 2*j - 17 = -j. Suppose 0 = 20*f - 16*f - 8. Let z(q) = 10*q - f*q**2 - 1 + 1 - 1 - 16*q. Determine z(h).
-21
Suppose -h + 11 = 2*q, 23 - 3 = 3*q + 5*h. Let z(d) = 4*d**2 + 4*d + 3. Let x(c) = 7*c**2 + 9*c + 7. Let m(u) = q*z(u) - 3*x(u). Give m(-5).
4
Let h(b) be the third derivative of b**6/120 + b**5/10 - b**4/6 + 7*b**3/6 + b**2. Let u be ((-8)/36*-3)/(26/(-273)). What is